{"id":16158,"date":"2026-04-04T10:18:11","date_gmt":"2026-04-04T15:18:11","guid":{"rendered":"https:\/\/livialamblet.com\/?page_id=16158"},"modified":"2026-04-04T11:27:17","modified_gmt":"2026-04-04T16:27:17","slug":"exposicoes","status":"publish","type":"page","link":"https:\/\/livialamblet.com\/eng\/exposicoes\/","title":{"rendered":"Exhibitions"},"content":{"rendered":"<p style=\"text-align: center;\" class=\" translation-block\"><strong>Colective Exhibition:<\/strong> \u201cOnde a Arte Acontece\u201d, <a href=\"https:\/\/mbloisgaleriadearte.com.br\/index.htm#exposicoes\" target=\"_self\">MBlois Galeria de Arte<\/a>, Rio de Janeiro\/RJ<br>\n2026<\/p>\n<p style=\"text-align: center;\"><img fetchpriority=\"high\" decoding=\"async\" class=\"wp-image-16160 aligncenter\" src=\"https:\/\/livialamblet.com\/wp-content\/uploads\/2026\/04\/8cc7437d-d3fa-4ec9-8c56-66d21078aeea.jpeg\" alt=\"Encarte da exposi\u00e7\u00e3o &quot;Onde a Arte Acontece&quot;, na MBlois Galeria de Arte\" width=\"380\" height=\"538\" \/> <img decoding=\"async\" class=\"aligncenter wp-image-16162\" src=\"https:\/\/livialamblet.com\/wp-content\/uploads\/2026\/04\/970d34f7-618d-49d7-86d0-f6605fbb931d.jpeg\" alt=\"Encarte da exposi\u00e7\u00e3o com meu nome e minha foto\" width=\"380\" height=\"507\" \/><img decoding=\"async\" class=\"aligncenter wp-image-16165\" src=\"https:\/\/livialamblet.com\/wp-content\/uploads\/2026\/04\/0301ef64-80fb-4418-8bf6-16b23ba42e26.jpeg\" alt=\"Eu e os outros artistas na frente da MBlois Galeria de Arte\" width=\"380\" height=\"433\" \/><\/p>\n<p>&nbsp;<\/p>\n<p>&nbsp;<\/p>\n<p style=\"text-align: center;\"><strong>Colective Exhibition<\/strong> &#8220;A Arte da Cria\u00e7\u00e3o&#8221;, F\u00e1brica Bhering, Rio de Janeiro\/RJ<br \/>\n<strong>Year:<\/strong> 2026<\/p>\n<p style=\"text-align: center;\"><img loading=\"lazy\" decoding=\"async\" class=\"aligncenter wp-image-16161\" src=\"https:\/\/livialamblet.com\/wp-content\/uploads\/2026\/04\/20cd270f-eda9-4a39-96e3-f18fa7ce1ad4.jpeg\" alt=\"Encarte da Exposi\u00e7\u00e3o &quot;A Arte da Cria\u00e7\u00e3o&quot;, na F\u00e1brica Bhering\" width=\"380\" height=\"475\" \/><img loading=\"lazy\" decoding=\"async\" class=\"aligncenter wp-image-16166\" src=\"https:\/\/livialamblet.com\/wp-content\/uploads\/2026\/04\/IMG_4812-scaled.jpeg\" alt=\"Eu ao lado das minhas pinturas das m\u00e3os dos imigrantes\" width=\"380\" height=\"532\" \/><\/p>\n<p>&nbsp;<\/p>\n<p>&nbsp;<\/p>\n<p>&nbsp;<\/p>\n<p style=\"text-align: center;\">Colective Exhibition: \"Sacred Feminine\" <a href=\"https:\/\/www.instagram.com\/p\/DVhXHz5Ddri\/\">Jockey Club de S\u00e3o Paulo<\/a><br \/>\nYear: 2026<\/p>\n<p style=\"text-align: center;\"><img loading=\"lazy\" decoding=\"async\" class=\"aligncenter wp-image-16184\" src=\"https:\/\/livialamblet.com\/wp-content\/uploads\/2026\/04\/abba4e57-7238-453e-a4ca-90979dbb72e5.jpeg\" alt=\"\" width=\"380\" height=\"475\" \/><\/p>\n<p>&nbsp;<\/p>\n<p>&nbsp;<\/p>\n<p>&nbsp;<\/p>\n<p style=\"text-align: center;\"><strong>Colective Exhibition<\/strong> &#8220;Processo Criativo&#8221;, Jockey Club de S\u00e3o Paulo<br \/>\n<strong>Year:<\/strong> 2026<img loading=\"lazy\" decoding=\"async\" class=\"aligncenter wp-image-16183\" src=\"https:\/\/livialamblet.com\/wp-content\/uploads\/2026\/04\/IMG_4437.jpeg\" alt=\"Encarte da exposi\u00e7\u00e3o &quot;Processo Criativo&quot;, em fevereiro de 2026, no Jockey Club de S\u00e3o Paulo\" width=\"380\" height=\"475\" \/><\/p>\n<p>&nbsp;<\/p>\n<p>&nbsp;<\/p>\n<p>&nbsp;<\/p>\n<p style=\"text-align: center;\"><strong>Colective Exhibition<\/strong> &#8220;Processo Criativo&#8221;, Jockey Club de S\u00e3o Paulo<br \/>\n<strong>Year:<\/strong> 2026<\/p>\n<p style=\"text-align: center;\"><img loading=\"lazy\" decoding=\"async\" class=\"aligncenter wp-image-16174\" src=\"https:\/\/livialamblet.com\/wp-content\/uploads\/2026\/04\/1771ed14-4d95-4878-bab4-266183e21fd3.jpeg\" alt=\"Encarte da exposi\u00e7\u00e3o Processo Criativo, em janeiro de 2026, no Jockey Club de S\u00e3o Paulo\" width=\"380\" height=\"475\" \/><\/p>\n<p>&nbsp;<\/p>\n<p>&nbsp;<\/p>\n<p>&nbsp;<\/p>\n<p style=\"text-align: center;\"><strong>Colective Exhibition<\/strong> &#8220;Fios Invis\u00edveis&#8221;, Centro de Artes Calouste Gulbenkian, Rio de Janeiro\/RJ<br \/>\n<strong>Year:<\/strong> 2025<\/p>\n<p style=\"text-align: center;\"><img loading=\"lazy\" decoding=\"async\" class=\"aligncenter wp-image-16175\" src=\"https:\/\/livialamblet.com\/wp-content\/uploads\/2026\/04\/Fios-invisiveis.jpg\" alt=\"Encarte da exposi\u00e7\u00e3o Fios Invis\u00edveis, no Centro de Artes Calouste Gulbenkian, no Rio\" width=\"380\" height=\"380\" \/><\/p>\n<p>&nbsp;<\/p>\n<p>&nbsp;<\/p>\n<p>&nbsp;<\/p>\n<p style=\"text-align: center;\"><strong>Exposi\u00e7\u00e3o individual:<\/strong> &#8220;Um Olhar Reconvexo&#8221;, Est\u00fadio Casar\u00e3o, Niter\u00f3i\/RJ<br \/>\n<strong>Year:<\/strong> 2025<img loading=\"lazy\" decoding=\"async\" class=\"aligncenter wp-image-16172\" src=\"https:\/\/livialamblet.com\/wp-content\/uploads\/2026\/04\/LIVIA-LAMBLET.png\" alt=\"Encarte da exposi\u00e7\u00e3o &quot;Um olhar reconvexo&quot;, minha primeira exposi\u00e7\u00e3o individual\" width=\"380\" height=\"475\" \/><\/p>\n<p>&nbsp;<\/p>\n<p>&nbsp;<\/p>\n<p>&nbsp;<\/p>\n<p style=\"text-align: center;\"><strong>Colective Exhibition<\/strong> &#8220;Krampus and other Yuletide Tales&#8221;, <a href=\"https:\/\/www.instagram.com\/p\/DDaIcbJSaKb\/\">Cali Commons Gallery<\/a>, Omaha, NE, EUA<br \/>\n<strong>Year:<\/strong> 2024<\/p>\n<p style=\"text-align: center;\"><img loading=\"lazy\" decoding=\"async\" class=\"aligncenter wp-image-16163\" src=\"https:\/\/livialamblet.com\/wp-content\/uploads\/2026\/04\/IMG_5106.jpeg\" alt=\"\" width=\"380\" height=\"475\" \/><\/p>\n<p>&nbsp;<\/p>\n<p>&nbsp;<\/p>\n<p>&nbsp;<\/p>\n<p style=\"text-align: center;\"><strong>Colective Exhibition<\/strong>\u00a0Casa de \u00d3pera\u00a0<a href=\"https:\/\/o-pa.org\/visit-our-venues\/orpheum\/\">The Orpheum<\/a>, Omaha, NE, EUA, para a \u00f3pera \u201cDon Giovanni\u201d<br \/>\n<strong>Year:<\/strong> 2024<\/p>\n<p><img loading=\"lazy\" decoding=\"async\" class=\"aligncenter wp-image-16169\" src=\"https:\/\/livialamblet.com\/wp-content\/uploads\/2026\/04\/IMG_8999-scaled.jpeg\" alt=\"Eu mostrando meu quadro no cavalete\" width=\"380\" height=\"509\" \/><\/p>\n<p>&nbsp;<\/p>\n<p>&nbsp;<\/p>\n<p>&nbsp;<\/p>\n<p style=\"text-align: center;\"><strong> Colective Exhibition<\/strong> &#8220;Tales of Poe&#8221;, <a href=\"https:\/\/www.instagram.com\/p\/C_dhrSsvDC5\/?igsh=MXBjMm4zb2xvN3Q4OA%3D%3D\">Joslyn Castle Carriage House<\/a>, Omaha, NE, EUA<br \/>\n<strong>Year:<\/strong> 2024<\/p>\n<p style=\"text-align: center;\"><img loading=\"lazy\" decoding=\"async\" class=\"aligncenter wp-image-16164\" src=\"https:\/\/livialamblet.com\/wp-content\/uploads\/2026\/04\/IMG_5108.jpeg\" alt=\"\" width=\"380\" height=\"475\" \/><\/p>\n<p>&nbsp;<\/p>\n<p>&nbsp;<\/p>\n<p>&nbsp;<\/p>\n<p style=\"text-align: center;\"><strong>Show:<\/strong> &#8220;Frida y Diego&#8221;, Joslyn Castle Carriage House, Omaha, NE, EUA<br \/>\n<strong>Year:<\/strong> 2024<\/p>\n<p style=\"text-align: center;\"><img loading=\"lazy\" decoding=\"async\" class=\"aligncenter wp-image-16171\" src=\"https:\/\/livialamblet.com\/wp-content\/uploads\/2026\/04\/IMG_4744-scaled.jpeg\" alt=\"Eu segurando o quadro da Frida, Diego e os espectros junto com os outros quadros da exposi\u00e7\u00e3o\" width=\"380\" height=\"507\" \/><\/p>","protected":false},"excerpt":{"rendered":"<p>Exposi\u00e7\u00e3o coletiva: &#8220;Onde a Arte Acontece&#8221;, MBlois Galeria de Arte, Rio de Janeiro\/RJ 2026 &nbsp; &nbsp; Exposi\u00e7\u00e3o coletiva: &#8220;A Arte da Cria\u00e7\u00e3o&#8221;, F\u00e1brica &#8230; <a title=\"Exhibitions\" class=\"read-more\" href=\"https:\/\/livialamblet.com\/eng\/exposicoes\/\" aria-label=\"More on Exposi\u00e7\u00f5es\">Read more<\/a><\/p>","protected":false},"author":1,"featured_media":0,"parent":0,"menu_order":0,"comment_status":"closed","ping_status":"closed","template":"","meta":{"om_disable_all_campaigns":false,"_themeisle_gutenberg_block_has_review":false,"footnotes":""},"class_list":["post-16158","page","type-page","status-publish","hentry","no-featured-image-padding"],"yoast_head":"<!-- This site is optimized with the Yoast SEO Premium plugin v20.9 (Yoast SEO v22.4) - https:\/\/yoast.com\/wordpress\/plugins\/seo\/ -->\n<title>Exposi\u00e7\u00f5es - L\u00edvia Lamblet<\/title>\n<meta name=\"robots\" content=\"index, follow, max-snippet:-1, max-image-preview:large, max-video-preview:-1\" \/>\n<link rel=\"canonical\" href=\"https:\/\/livialamblet.com\/eng\/exposicoes\/\" \/>\n<meta property=\"og:locale\" content=\"en_US\" \/>\n<meta property=\"og:type\" content=\"article\" \/>\n<meta property=\"og:title\" content=\"Exposi\u00e7\u00f5es\" \/>\n<meta property=\"og:description\" content=\"Exposi\u00e7\u00e3o coletiva: &#8220;Onde a Arte Acontece&#8221;, MBlois Galeria de Arte, Rio de Janeiro\/RJ 2026 &nbsp; &nbsp; Exposi\u00e7\u00e3o coletiva: &#8220;A Arte da Cria\u00e7\u00e3o&#8221;, F\u00e1brica ... Read more\" \/>\n<meta property=\"og:url\" content=\"https:\/\/livialamblet.com\/eng\/exposicoes\/\" \/>\n<meta property=\"og:site_name\" content=\"L\u00edvia Lamblet\" \/>\n<meta property=\"article:modified_time\" content=\"2026-04-04T16:27:17+00:00\" \/>\n<meta property=\"og:image\" content=\"https:\/\/livialamblet.com\/wp-content\/uploads\/2026\/04\/8cc7437d-d3fa-4ec9-8c56-66d21078aeea.jpeg\" \/>\n<meta name=\"twitter:card\" content=\"summary_large_image\" \/>\n<meta name=\"twitter:label1\" content=\"Est. reading time\" \/>\n\t<meta name=\"twitter:data1\" content=\"4 minutes\" \/>\n<script type=\"application\/ld+json\" class=\"yoast-schema-graph\">{\"@context\":\"https:\/\/schema.org\",\"@graph\":[{\"@type\":\"WebPage\",\"@id\":\"https:\/\/livialamblet.com\/exposicoes\/\",\"url\":\"https:\/\/livialamblet.com\/exposicoes\/\",\"name\":\"Exposi\u00e7\u00f5es - L\u00edvia Lamblet\",\"isPartOf\":{\"@id\":\"https:\/\/livialamblet.com\/#website\"},\"primaryImageOfPage\":{\"@id\":\"https:\/\/livialamblet.com\/exposicoes\/#primaryimage\"},\"image\":{\"@id\":\"https:\/\/livialamblet.com\/exposicoes\/#primaryimage\"},\"thumbnailUrl\":\"https:\/\/livialamblet.com\/wp-content\/uploads\/2026\/04\/8cc7437d-d3fa-4ec9-8c56-66d21078aeea.jpeg\",\"datePublished\":\"2026-04-04T15:18:11+00:00\",\"dateModified\":\"2026-04-04T16:27:17+00:00\",\"breadcrumb\":{\"@id\":\"https:\/\/livialamblet.com\/exposicoes\/#breadcrumb\"},\"inLanguage\":\"en-US\",\"potentialAction\":[{\"@type\":\"ReadAction\",\"target\":[\"https:\/\/livialamblet.com\/exposicoes\/\"]}]},{\"@type\":\"ImageObject\",\"inLanguage\":\"en-US\",\"@id\":\"https:\/\/livialamblet.com\/exposicoes\/#primaryimage\",\"url\":\"https:\/\/livialamblet.com\/wp-content\/uploads\/2026\/04\/8cc7437d-d3fa-4ec9-8c56-66d21078aeea.jpeg\",\"contentUrl\":\"https:\/\/livialamblet.com\/wp-content\/uploads\/2026\/04\/8cc7437d-d3fa-4ec9-8c56-66d21078aeea.jpeg\"},{\"@type\":\"BreadcrumbList\",\"@id\":\"https:\/\/livialamblet.com\/exposicoes\/#breadcrumb\",\"itemListElement\":[{\"@type\":\"ListItem\",\"position\":1,\"name\":\"In\u00edcio\",\"item\":\"https:\/\/livialamblet.com\/\"},{\"@type\":\"ListItem\",\"position\":2,\"name\":\"Exposi\u00e7\u00f5es\"}]},{\"@type\":\"WebSite\",\"@id\":\"https:\/\/livialamblet.com\/#website\",\"url\":\"https:\/\/livialamblet.com\/\",\"name\":\"L\u00edvia Lamblet\",\"description\":\"Artes Visuais\",\"publisher\":{\"@id\":\"https:\/\/livialamblet.com\/#organization\"},\"potentialAction\":[{\"@type\":\"SearchAction\",\"target\":{\"@type\":\"EntryPoint\",\"urlTemplate\":\"https:\/\/livialamblet.com\/?s={search_term_string}\"},\"query-input\":\"required name=search_term_string\"}],\"inLanguage\":\"en-US\"},{\"@type\":\"Organization\",\"@id\":\"https:\/\/livialamblet.com\/#organization\",\"name\":\"L\u00edvia Lamblet\",\"url\":\"https:\/\/livialamblet.com\/\",\"logo\":{\"@type\":\"ImageObject\",\"inLanguage\":\"en-US\",\"@id\":\"https:\/\/livialamblet.com\/#\/schema\/logo\/image\/\",\"url\":\"https:\/\/livialamblet.com\/wp-content\/uploads\/2024\/04\/cropped-capa-com-fundo-sonia.png\",\"contentUrl\":\"https:\/\/livialamblet.com\/wp-content\/uploads\/2024\/04\/cropped-capa-com-fundo-sonia.png\",\"width\":2220,\"height\":618,\"caption\":\"L\u00edvia Lamblet\"},\"image\":{\"@id\":\"https:\/\/livialamblet.com\/#\/schema\/logo\/image\/\"}}]}<\/script>\n<!-- \/ Yoast SEO Premium plugin. -->","yoast_head_json":{"title":"Exposi\u00e7\u00f5es - L\u00edvia Lamblet","robots":{"index":"index","follow":"follow","max-snippet":"max-snippet:-1","max-image-preview":"max-image-preview:large","max-video-preview":"max-video-preview:-1"},"canonical":"https:\/\/livialamblet.com\/eng\/exposicoes\/","og_locale":"en_US","og_type":"article","og_title":"Exposi\u00e7\u00f5es","og_description":"Exposi\u00e7\u00e3o coletiva: &#8220;Onde a Arte Acontece&#8221;, MBlois Galeria de Arte, Rio de Janeiro\/RJ 2026 &nbsp; &nbsp; Exposi\u00e7\u00e3o coletiva: &#8220;A Arte da Cria\u00e7\u00e3o&#8221;, F\u00e1brica ... Read more","og_url":"https:\/\/livialamblet.com\/eng\/exposicoes\/","og_site_name":"L\u00edvia Lamblet","article_modified_time":"2026-04-04T16:27:17+00:00","og_image":[{"url":"https:\/\/livialamblet.com\/wp-content\/uploads\/2026\/04\/8cc7437d-d3fa-4ec9-8c56-66d21078aeea.jpeg"}],"twitter_card":"summary_large_image","twitter_misc":{"Est. reading time":"4 minutes"},"schema":{"@context":"https:\/\/schema.org","@graph":[{"@type":"WebPage","@id":"https:\/\/livialamblet.com\/exposicoes\/","url":"https:\/\/livialamblet.com\/exposicoes\/","name":"Exposi\u00e7\u00f5es - L\u00edvia Lamblet","isPartOf":{"@id":"https:\/\/livialamblet.com\/#website"},"primaryImageOfPage":{"@id":"https:\/\/livialamblet.com\/exposicoes\/#primaryimage"},"image":{"@id":"https:\/\/livialamblet.com\/exposicoes\/#primaryimage"},"thumbnailUrl":"https:\/\/livialamblet.com\/wp-content\/uploads\/2026\/04\/8cc7437d-d3fa-4ec9-8c56-66d21078aeea.jpeg","datePublished":"2026-04-04T15:18:11+00:00","dateModified":"2026-04-04T16:27:17+00:00","breadcrumb":{"@id":"https:\/\/livialamblet.com\/exposicoes\/#breadcrumb"},"inLanguage":"en-US","potentialAction":[{"@type":"ReadAction","target":["https:\/\/livialamblet.com\/exposicoes\/"]}]},{"@type":"ImageObject","inLanguage":"en-US","@id":"https:\/\/livialamblet.com\/exposicoes\/#primaryimage","url":"https:\/\/livialamblet.com\/wp-content\/uploads\/2026\/04\/8cc7437d-d3fa-4ec9-8c56-66d21078aeea.jpeg","contentUrl":"https:\/\/livialamblet.com\/wp-content\/uploads\/2026\/04\/8cc7437d-d3fa-4ec9-8c56-66d21078aeea.jpeg"},{"@type":"BreadcrumbList","@id":"https:\/\/livialamblet.com\/exposicoes\/#breadcrumb","itemListElement":[{"@type":"ListItem","position":1,"name":"In\u00edcio","item":"https:\/\/livialamblet.com\/"},{"@type":"ListItem","position":2,"name":"Exposi\u00e7\u00f5es"}]},{"@type":"WebSite","@id":"https:\/\/livialamblet.com\/#website","url":"https:\/\/livialamblet.com\/","name":"L\u00edvia Lamblet","description":"Artes Visuais","publisher":{"@id":"https:\/\/livialamblet.com\/#organization"},"potentialAction":[{"@type":"SearchAction","target":{"@type":"EntryPoint","urlTemplate":"https:\/\/livialamblet.com\/?s={search_term_string}"},"query-input":"required name=search_term_string"}],"inLanguage":"en-US"},{"@type":"Organization","@id":"https:\/\/livialamblet.com\/#organization","name":"L\u00edvia Lamblet","url":"https:\/\/livialamblet.com\/","logo":{"@type":"ImageObject","inLanguage":"en-US","@id":"https:\/\/livialamblet.com\/#\/schema\/logo\/image\/","url":"https:\/\/livialamblet.com\/wp-content\/uploads\/2024\/04\/cropped-capa-com-fundo-sonia.png","contentUrl":"https:\/\/livialamblet.com\/wp-content\/uploads\/2024\/04\/cropped-capa-com-fundo-sonia.png","width":2220,"height":618,"caption":"L\u00edvia Lamblet"},"image":{"@id":"https:\/\/livialamblet.com\/#\/schema\/logo\/image\/"}}]}},"jetpack_sharing_enabled":true,"rttpg_featured_image_url":null,"rttpg_author":{"display_name":"Livia Lamblet","author_link":"https:\/\/livialamblet.com\/eng\/author\/livia\/"},"rttpg_comment":0,"rttpg_category":null,"rttpg_excerpt":"Exposi\u00e7\u00e3o coletiva: &#8220;Onde a Arte Acontece&#8221;, MBlois Galeria de Arte, Rio de Janeiro\/RJ 2026 &nbsp; &nbsp; Exposi\u00e7\u00e3o coletiva: &#8220;A Arte da Cria\u00e7\u00e3o&#8221;, F\u00e1brica ... Read more","_links":{"self":[{"href":"https:\/\/livialamblet.com\/eng\/wp-json\/wp\/v2\/pages\/16158","targetHints":{"allow":["GET"]}}],"collection":[{"href":"https:\/\/livialamblet.com\/eng\/wp-json\/wp\/v2\/pages"}],"about":[{"href":"https:\/\/livialamblet.com\/eng\/wp-json\/wp\/v2\/types\/page"}],"author":[{"embeddable":true,"href":"https:\/\/livialamblet.com\/eng\/wp-json\/wp\/v2\/users\/1"}],"replies":[{"embeddable":true,"href":"https:\/\/livialamblet.com\/eng\/wp-json\/wp\/v2\/comments?post=16158"}],"version-history":[{"count":5,"href":"https:\/\/livialamblet.com\/eng\/wp-json\/wp\/v2\/pages\/16158\/revisions"}],"predecessor-version":[{"id":16185,"href":"https:\/\/livialamblet.com\/eng\/wp-json\/wp\/v2\/pages\/16158\/revisions\/16185"}],"wp:attachment":[{"href":"https:\/\/livialamblet.com\/eng\/wp-json\/wp\/v2\/media?parent=16158"}],"curies":[{"name":"wp","href":"https:\/\/api.w.org\/{rel}","templated":true}]}}